l, 4*z = -4*t + z + 154. Calculate the remainder when 72 is divided by t.
35
Suppose 79 + 47 = 3*b. What is the remainder when 372/b*5 + 2/(-7) is divided by (-4)/6 + (-150)/(-9)?
12
Let c(x) = x**2 + 3*x - 5. Let u be c(-10). Suppose -2*d = 5*p - 48, -3*d = -4*p + 8*p - u. Calculate the remainder when 131 is divided by d.
17
Suppose -25*s - 441 = -1191. Let i(z) = -7*z + 1. Let g be i(-5). Suppose -5*b + g = -4. Calculate the remainder when s is divided by b.
6
Suppose 95 = 3*a + 2*a. Let p = 21 + -21. Suppose 3*w + 3*c - 5 - 1 = p, c = -3. Calculate the remainder when a is divided by w.
4
Let r = -267 + 328. Calculate the remainder when r is divided by 16.
13
Suppose 30 - 6 = 2*b. Suppose 48 = 9*r - b*r. Let t = -14 - r. What is the remainder when 3 is divided by t?
1
Let u = 189 - 174. Let h = 93 - 64. What is the remainder when h is divided by u?
14
Suppose 5*w = -9*w + 490. Calculate the remainder when w is divided by 32.
3
Suppose 2*d = -3*q + 120, 2*q - 80 = 2*d - 0. Calculate the remainder when q is divided by 11.
7
Let k be (-1)/2*(-3 - 1). Suppose 0 = -0*w + 2*w. Suppose -s = 4*u - 11, -k*s + 2*u - u + 22 = w. What is the remainder when s is divided by 6?
5
Suppose 0 = -4*w + 10 + 186. Calculate the remainder when 96 is divided by w.
47
Let d(l) = 3*l**2 + 22*l + 18. What is the remainder when 167 is divided by d(-8)?
31
Let n = -965 - -987. Calculate the remainder when 67 is divided by n.
1
What is the remainder when 512 is divided by ((-30)/(-150))/(6/1770)?
40
Let q = -6 - -8. Suppose -s - 141 = -3*i + 2*s, 2*s - q = 0. Suppose -h - p = -17, -2*h - 3*p = 3*h - 85. What is the remainder when i is divided by h?
14
Let b(i) = 2*i**2 - 7*i. Let r(d) = -d**3 - 4*d**2 + 3*d - 10. Let v be r(-5). Calculate the remainder when b(6) is divided by 1/((v + -1)/(-11)).
8
Suppose 0 = 5*k - 5, 5*k + 139 - 600 = -4*h. What is the remainder when h is divided by 41?
32
Let q = -167 + 173. Calculate the remainder when 23 is divided by q.
5
Let a(s) = s**3 - 2*s**2 + 2*s - 2. Let z be (8/2 - 1) + -1. Let p be a(z). Let o(j) = 54*j - 2. What is the remainder when o(p) is divided by 27?
25
Calculate the remainder when 109 is divided by -3*(-12)/9*(5 + -1).
13
Let f(i) = i + 8. Let p(x) = 6*x + 39. Let t(n) = -11*f(n) + 2*p(n). Let k be t(6). Calculate the remainder when 48 is divided by (26/k)/((-1)/2).
9
Suppose v + o + 6 = 18, 4*v - 43 = -5*o. Calculate the remainder when 127 is divided by v.
8
Let n = 473 - 446. Calculate the remainder when 96 is divided by n.
15
Suppose -24 = -5*y + y. Let s(r) = -2*r + 1. Let v be s(y). Let g = v + 22. What is the remainder when g is divided by 7?
4
Let k = -31 - -37. What is the remainder when 27 is divided by (4/k)/((-4)/330*-5)?
5
Let l = 36 + -34. Calculate the remainder when 15 is divided by l.
1
Suppose 3*p - 16 = -1. Let v(a) = 17*a - 2. Let j be v(p). Suppose 0 = 2*y - z - 32, -j = -y - 4*y + z. What is the remainder when 32 is divided by y?
15
What is the remainder when ((-13)/((-39)/213))/(3/12) is divided by 97?
90
Let q(a) = -a**2 + 52*a - 2. Suppose 5*g = 3*o + 430, 2*o - 2*g + 292 = -0*g. Calculate the remainder when q(50) is divided by o/(-4)*(-8)/(-12).
23
Let d be (0/1 - -9)/(-5 - -6). Let m(u) = 2*u + 7. What is the remainder when m(d) is divided by 16?
9
Suppose 0 = 27*r - 50*r + 2461. Calculate the remainder when r is divided by 87.
20
Suppose 34 = -4*m + 50. Let k(b) = -b**2 - 8*b - 4. What is the remainder when k(-5) is divided by m?
3
Suppose -k + 4*k = 96. Let n = 579 + -562. Calculate the remainder when k is divided by n.
15
Let w(t) = t**2 + 37*t - 22. Let a be w(0). Suppose 4*k = 6*k + 34. Let c = k - a. What is the remainder when c is divided by 2?
1
Let j(i) = i**3 - 13*i**2 - 14*i + 5. Let f be (-18)/(-9) + 2 + 10/1. What is the remainder when 34 is divided by j(f)?
4
Let s(n) be the first derivative of n**4/4 - 19*n**3/3 + n**2/2 - 8*n - 67. Suppose -1 = -b + 30. Calculate the remainder when b is divided by s(19).
9
Let g(x) = x**3 - 8*x**2 - 7*x - 13. Let z be g(9). Suppose 0 = q + 3, z*d = 4*q + 121 + 86. What is the remainder when d is divided by 16?
7
Suppose -497 = 4*a - 5*r - 556, 0 = 3*a - 4*r - 44. Suppose -4*l = 9 - 29. What is the remainder when a is divided by l?
1
Suppose -4*z = 3*o - 59, -5*o + 0*z = 4*z - 85. Suppose -o*v + 2622 = 6*v. Calculate the remainder when v is divided by 28.
26
Let p = -147 - -160. What is the remainder when 211/11 + 6/(-33) is divided by p?
6
Let q = -20 - -42. What is the remainder when q is divided by 468/63 + -8 - 176/(-14)?
10
Suppose -6*k + 10 = -4*k. Let p = -11 + k. What is the remainder when 40 is divided by 42*(-3 + (-20)/p)?
12
Let n(r) = r**3 + 3*r**2 - 2*r - 1. Let o be n(-4). Let a = o - -13. What is the remainder when a is divided by -6 + 9 + -1*1?
0
Let g be 3 - (41 + 1 + -3). Let i = 42 + g. Calculate the remainder when 17 is divided by i.
5
Let u(k) = 8*k**3 - 3*k**2 + 4*k - 5. What is the remainder when u(2) is divided by 16?
7
What is the remainder when 108 is divided by ((-2)/6)/(5/(-555))?
34
Let d(y) = y**2 + 3*y + 54. Let n = -30 - -44. What is the remainder when d(0) is divided by n?
12
Let i = 71 - -27. Suppose -4*o + 23*o - 646 = 0. What is the remainder when i is divided by o?
30
Suppose -h = 2*h + n - 117, -h - 3*n = -47. Let c be 3/6*-6 - (-1 - 3). What is the remainder when h is divided by 2 - (11/(-1))/c?
12
Let w(y) = y**3 + 5*y**2 - y - 3. Let m be w(-5). Suppose 0*a = -3*a - 3, 3*i - 86 = m*a. What is the remainder when 137 is divided by i?
25
Let r = 519 - 489. Let u(o) = o**2 + 2*o + 3. Calculate the remainder when r is divided by u(-4).
8
Suppose 0 = -j - 5*l + 15, 0 = -2*j - l + 6*l. Suppose s + j + 2 = -2*m, -s - 4*m = 11. What is the remainder when ((-465)/45)/(1/s) is divided by 8?
7
Let k = 46 + -12. Let s = 147 + -121. What is the remainder when k is divided by (4/(-6))/(s/(-351))?
7
Let d = 639 - 537. Calculate the remainder when d is divided by 64.
38
Let q = -17 + 11. Suppose -3*n + 39 = 2*l, -4*l + 103 = -0*n + n. What is the remainder when l is divided by 1/(q/4*3/(-45))?
7
Suppose 0 = -6*l + 30 + 162. Calculate the remainder when l is divided by 6.
2
Let y(m) = m**2 - 10*m - 16. Let f be y(11). Let d = f - -9. Suppose d*n - 2*c = 108, -n - c = -0*c - 27. What is the remainder when n is divided by 14?
13
Let r be 1/(-2)*(4 + -2). Let a be 1*-2*r/2. What is the remainder when 27 is divided by a/(-2*3/(-60))?
7
Let p(v) = 12 + 5 - 2*v**2 + 2*v**2 - v**2 + 11*v. What is the remainder when 65 is divided by p(11)?
14
Let u(j) = j - 17. Suppose -3*y + 57 = 9. Let p be u(y). Let r = p + 33. What is the remainder when 62 is divided by r?
30
Suppose -3*w + 2 = z, -2*w = -w. Suppose 0*h = 2*h - 5*s - 16, -4*h + 56 = z*s. What is the remainder when h is divided by 5?
3
Suppose -7*r + 10 + 4 = 0. Calculate the remainder when 178 is divided by (60*3/r)/(4 + -2).
43
Let u be 1/(0 - -1)*598/46. Let l(d) = d**3 - 16*d**2 + 44*d - 14. What is the remainder when l(u) is divided by 21?
9
Let y(t) = -116*t + 3. Let z be y(3). Let b(j) = -j**2 - j - 4. Let u be b(0). What is the remainder when z/u - (-6)/8 is divided by 22?
21
Let q = 18 + -15. Let k(f) = 2*f**2 + 4*f - 3. Calculate the remainder when (-3 + 2)/(q/(-105)) is divided by k(2).
9
Suppose -2 = -2*o - 2*k, o = 2*o + 5*k + 11. Suppose 2*z + 2*z - 28 = 0. Calculate the remainder when (z + 2)/1 + -2 is divided by o.
3
Let u = 700 - 341. What is the remainder when u is divided by 15?
14
What is the remainder when (-7)/((-49)/35) + 200 is divided by 104?
101
Suppose 0 = 13*h - 27 - 25. Let p be (-4)/(-5)*(-15)/(-6). Let a(u) = u**3 - u**2 + 2. What is the remainder when a(p) is divided by h?
2
Let y(v) = -4*v - 115. What is the remainder when 107 is divided by y(-36)?
20
Let p = 4 - 3. Let x = -846 - -848. What is the remainder when x is divided by p?
0
Suppose 71*m = 59*m + 528. What is the remainder when m is divided by 13?
5
Let l = -607 - -784. What is the remainder when l is divided by 26?
21
What is the remainder when 446 is divided by 188/3 + (-133)/(-21) + -5?
62
Suppose -56 = 24*w - 38*w. Calculate the remainder when 14 is divided by w.
2
Suppose 17 = 3*o + o + p, -4*o - 3*p + 11 = 0. Suppose 2*r + b = 20, o*b + 37 = 2*r - 7. What is the remainder